12514. Determine f(-135).
-851
Let m(z) = -z**3 + 5*z**2 + 90*z - 512. Give m(8).
16
Let q(f) = -f**3 - 1109*f**2 - 2220*f - 13. Give q(-2).
-1
Let c(v) = -v**3 - 85*v**2 + 1569*v + 133316. What is c(-85)?
-49
Let c(m) = -m**3 + 19*m**2 + 393*m - 272. Give c(-13).
27
Let q(x) = -x**2 + 325207*x + 1951280. Determine q(-6).
2
Let t(o) = -12934*o + 620765. Determine t(48).
-67
Let v(m) = m**3 - 3*m**2 - 195*m - 498. What is v(-11)?
-47
Let z(u) = 35955*u + 3020228. Give z(-84).
8
Let a(j) = -j**3 + 37*j**2 + 78*j - 49. What is a(-7)?
1561
Let q(w) = -3*w**2 + 27596*w + 220951. Calculate q(-8).
-9
Let x(y) = 46192*y + 46194. Give x(-1).
2
Let w(t) = -84*t - 1089. What is w(-20)?
591
Let a(m) = -9*m**2 + 124*m - 468. Determine a(7).
-41
Let j(l) = -l**3 + 21*l**2 - 629*l + 3229. What is j(6)?
-5
Let h(q) = 36*q**2 - 4635*q - 4631. Determine h(-1).
40
Let k(v) = v**3 - 496*v**2 - 3840*v + 2145839. Give k(495).
14
Let o(r) = -63*r**2 - 4643*r - 76700. Give o(-25).
0
Let p(w) = -16*w**3 - 66*w**2 + 73*w + 24. Give p(-5).
9
Let m(r) = -2199*r + 3450. What is m(2)?
-948
Let j(h) = -8*h**2 - 154*h + 1504. Determine j(7).
34
Let c(i) = 549*i - 4503. Calculate c(7).
-660
Let q(c) = 64*c - 10836. Determine q(176).
428
Let m(s) = -248*s**2 + 1279*s - 117. Give m(5).
78
Let v(k) = -11936*k**2 + 47754*k - 46. Calculate v(4).
-6
Let s(b) = -303877*b + 911632. Give s(3).
1
Let d(f) = f**2 + 4331*f - 91304. Determine d(21).
88
Let p(r) = 15*r**2 + 6708*r - 6710. Calculate p(1).
13
Let o(t) = -6789*t - 1663301. Give o(-245).
4
Let i(l) = 2*l**3 - 270*l**2 - 200*l - 9887. Give i(136).
-95
Let k(w) = 274*w + 1782. Calculate k(-11).
-1232
Let j(y) = -710*y + 131916. What is j(186)?
-144
Let r(f) = 10922*f - 54578. Calculate r(5).
32
Let k(a) = a**2 - 18181*a - 2472675. What is k(-135)?
-15
Let h(i) = -i**3 - 2701*i**2 - 18863*i - 27. Give h(-7).
8
Let m(n) = -10*n**2 - 615*n - 15. Give m(-59).
1460
Let r(w) = 2*w**3 - 71*w**2 - 550*w - 19. Give r(42).
-187
Let j(l) = 6*l**3 + 44*l**2 - 317*l - 6. Determine j(6).
972
Let l(k) = -2*k**2 + 56366*k + 169110. What is l(-3)?
-6
Let c(a) = -375*a + 54479. Determine c(145).
104
Let n(g) = 2*g**2 + 17870*g + 125082. Calculate n(-7).
90
Let l(p) = 51*p**3 + 51*p**2 + 149*p - 18. What is l(-4)?
-3062
Let h(j) = -j**3 + 452*j**2 + 562*j - 49379. Give h(453).
-2
Let c(i) = 672*i + 58432. Give c(-87).
-32
Let m(w) = 443331*w - 3546626. Give m(8).
22
Let p(a) = -a**3 - 27*a**2 - 4844*a - 79447. Calculate p(-17).
11
Let g(b) = b**3 + 139*b**2 + 3356*b + 643. Calculate g(-108).
-221
Let g(t) = -33*t**2 + 3*t - 11. Determine g(7).
-1607
Let c(z) = -z**3 - 14*z**2 + 20*z + 102. Give c(9).
-1581
Let u(k) = 4674*k + 66276. Determine u(-14).
840
Let q(c) = -5*c**2 - 64*c - 196. Give q(-27).
-2113
Let j(u) = 53*u**2 + 1429*u + 237. Calculate j(-27).
291
Let r(v) = -321578*v - 8682596. Give r(-27).
10
Let b(w) = -3*w**2 + 211*w + 584. What is b(73)?
0
Let c(k) = k**3 + 18*k**2 - 17356*k - 174357. What is c(-10)?
3
Let n(b) = -17*b**3 + 134*b**2 - 3*b + 139. What is n(8)?
-13
Let x(w) = w**2 - 358*w - 13302. Calculate x(-34).
26
Let m(s) = 6*s**3 - 66*s**2 + 115*s - 74. What is m(9)?
-11
Let a(j) = 6*j**3 - 284*j**2 + 95*j - 117. Calculate a(47).
-70
Let r(q) = -q**3 + 57*q**2 - 665*q - 134. Calculate r(40).
466
Let r(q) = 52*q + 4790. Calculate r(-95).
-150
Let t(k) = k**3 - 84*k**2 - 14*k + 1190. What is t(84)?
14
Let m(w) = -477*w + 20999. Determine m(44).
11
Let p(l) = -181*l + 10058. What is p(57)?
-259
Let f(t) = 3*t**3 + 31*t**2 + 147*t - 46. Calculate f(-4).
-330
Let p(m) = 26*m**2 - 32*m + 381. Determine p(7).
1431
Let c(b) = -3*b**3 - 528*b**2 + 1028*b + 180928. What is c(-176)?
0
Let o(p) = -p**3 + 789*p**2 - 10088*p - 25. What is o(13)?
-25
Let s(b) = 128*b + 10432. Calculate s(-90).
-1088
Let b(x) = 13522*x - 67605. Give b(5).
5
Let l(c) = -10461*c + 53192. Give l(5).
887
Let k(i) = 15*i**3 - 1663*i**2 + 1427*i + 348. Determine k(110).
18
Let r(x) = 2*x**2 - 14311*x - 575728. Determine r(-40).
-88
Let r(l) = -4*l**3 - 74*l**2 + 1209*l - 252. What is r(-29)?
9
Let x(s) = -447*s + 11663. What is x(26)?
41
Let o(u) = 476*u**2 - 1411*u - 51. What is o(3)?
0
Let w(p) = -p**3 - 23*p**2 + 39*p - 274. Calculate w(-24).
-634
Let w(r) = -r**2 - 33*r - 288. Give w(-19).
-22
Let g(l) = -l**3 + 401*l**2 + 4301*l + 270495. Determine g(413).
-20
Let n(z) = -208*z + 424. Give n(4).
-408
Let z(m) = -9*m**2 - 249*m + 581. Calculate z(2).
47
Let f(s) = -1361972*s + 8171841. What is f(6)?
9
Let p(b) = 35*b**2 - 217*b - 167. What is p(6)?
-209
Let r(c) = -9*c**2 + 282*c + 3853. Give r(-13).
-1334
Let n(w) = 78049*w + 176. What is n(0)?
176
Let y(m) = 37*m + 958. Give y(-25).
33
Let p(d) = 14*d**2 - 459*d + 125. Determine p(34).
703
Let c(m) = -45502*m - 728024. Determine c(-16).
8
Let w(z) = 26170*z + 131016. Give w(-5).
166
Let b(q) = 37*q - 1022. Calculate b(25).
-97
Let k(n) = 11*n**3 + 394*n**2 + 135*n + 7453. Determine k(-36).
1
Let r(n) = -4*n**3 + 465*n**2 + 355*n - 484. Determine r(117).
-16
Let k(q) = -q**2 - 49*q + 991. Determine k(-49).
991
Let u(a) = 3*a**3 + 35*a**2 - 574*a - 5761. Give u(-9).
53
Let k(z) = 41472*z + 4064274. Calculate k(-98).
18
Let w(m) = -m**2 - 1435*m + 432914. What is w(-1691)?
18
Let n(b) = 71*b**3 - 1059*b**2 - 134*b + 657. Determine n(15).
-3
Let g(c) = -323*c**2 - 78*c + 28. Calculate g(-2).
-1108
Let k(o) = o**3 - 9*o**2 - 79*o - 58. Determine k(14).
-184
Let u(l) = l**3 + 126*l**2 + 2505*l + 5820. What is u(-102)?
6
Let v(c) = -55428*c - 332596. Determine v(-6).
-28
Let w(o) = 9258*o + 18532. Give w(-2).
16
Let d(a) = 96*a**2 - 4796*a - 208. Determine d(50).
-8
Let a(z) = 55*z - 5377. Give a(63).
-1912
Let q(j) = 4861*j + 150687. Calculate q(-31).
-4
Let j(r) = 4*r**3 - 6*r**2 - 25*r + 211. Calculate j(5).
436
Let x(y) = -4*y**2 - 390149*y - 2340764. What is x(-6)?
-14
Let o(l) = -6*l**2 + 1560*l + 1492. Determine o(261).
-74
Let g(y) = 83*y - 7079. Determine g(81).
-356
Let i(g) = g**3 + 396*g**2 + 364*g + 20. Calculate i(0).
20
Let a(l) = -199*l + 561. Calculate a(3).
-36
Let i(m) = -m**3 - 28*m**2 + 1424*m - 177. Determine i(26).
343
Let k(x) = 10337*x + 134656. What is k(-13)?
275
Let t(l) = -451*l**2 - 682*l - 233. Give t(-1).
-2
Let v(o) = 140*o**2 + 1868*o + 625. What is v(-13)?
1
Let j(g) = 360*g**2 + 214922*g + 1210. Give j(-597).
16
Let k(x) = 11*x**3 - 13*x**2 + 13*x - 69. Give k(3).
150
Let g(n) = -n**2 + 194*n - 8869. Give g(87).
440
Let j(r) = -2*r**2 + 3626*r + 174802. Calculate j(-47).
-38
Let u(f) = 4*f**3 - 18*f**2 + 24*f - 103. Determine u(4).
-39
Let q(h) = 2*h**3 - 170*h**2 + 678*h - 2263. Determine q(81).
167
Let h(f) = -1508*f + 54457. What is h(36)?
169
Let h(l) = 6*l**3 + 1541*l**2 - 258*l - 355. Determine h(-257).
-98
Let k(f) = -4*f**3 + 69*f**2 - 83*f + 1074. Calculate k(17).
-48
Let z(m) = 13*m**2 - 657*m + 3587. Give z(44).
-153
Let a(w) = w**2 - 408*w - 35105. What is a(481)?
8
Let p(j) = 13*j**3 + 1637*j**2 + 12280*j + 137. Calculate p(-8).
9
Let r(u) = 3*u**2 + 117563*u + 1175615. Give r(-10).
285
Let l(r) = -664*r**2 + 653*r - 9. Calculate l(1).
-20
Let f(x) = -308*x**3 + 4*x**2 - 170*x - 164. Determine f(-1).
318
Let o(b) = 10895*b + 479281. Determine o(-44).
-99
Let v(c) = 2884*c**2 - 2694*c - 9. Determine v(1).
181
Let o(g) = 2*g**3 + 35*g**2 + 517*g + 5868. Give o(-14).
2
Let n(o) = 3*o**3 - 11*o**2 + 1483*o - 4436. What is n(3)?
-5
Let x(b) = 2*b**3 - 46*b**2 + 10009*b - 219231. Determine x(22).
-1
Let n(u) = -185*u**2 + 82510*u - 26. Calculate n(446).
-26
Let j(m) = -59*m + 5939. Determine j(110).
-551
Let b(s) = 9774*s - 381209. Give b(39).
-23
Let w(k) = -k**3 - 114*k**2 - 3089*k - 2482. What is w(-71)?
74
Let n(t) = -2*t**3 + 267*t**2 - 118*t - 2731. Calculate n(133).
-736
Let c(j) = j**2 - 106*j - 2397. What is c(114)?
-1485
Let i(u) = -4*u**2 - 3288*u - 23038. Give i(-7).
-218
Let y(t) = -t**2 + 3685*t - 127757. Determine y(35).
-7
Let r(j) = 81236*j - 487417. Give r(6).
-1
Let l(j) = 67*j + 8937. What is l(-146)?
-845
Let d(q) = -3*q**2 - 19*q + 138. Determine d(17).
-1052
Let k(u) = -2*u**3 + 376*u**2 + 378*u + 10. Determine k(189).
10
Let a(s) = -6*s**3 - 122*s**2 + 85*s - 30. Give a(-21).
-51
Let z(b) = -1671*b - 73460. What is z(-44)?
64
Let a(p) = -6*p**